
17
Let z be (258/(-7))/(2/(-14)). Let b = 489 - z. What is the remainder when b is divided by 58?
57
Suppose 0 = -16*n - 4 + 612. Calculate the remainder when n is divided by (-11)/1*(-1)/1 + 2.
12
Suppose -2*f - 557 = -2*i + 101, -12 = -3*i. What is the remainder when 574 is divided by (-2)/(-26) + (-3875)/f?
10
Suppose 89*t - 88*t = 2. Suppose -t*b - 2*p = -p - 292, 3*p = 5*b - 741. What is the remainder when b is divided by 38?
33
Suppose -4*i + 2*s + 260 = 0, -3*i + 2*s + 195 = -0*i. Let k = -70 - -62. What is the remainder when i is divided by ((4/k)/1)/((-3)/144)?
17
Let j = 710 - 657. Calculate the remainder when 1372 is divided by j.
47
Let x = -72 + 72. Suppose -s + 14 + 19 = 3*t, x = 2*t - 6. Suppose 0 = 5*b - 3 - 17, 3*y - s = -3*b. Calculate the remainder when 15 is divided by y.
3
Let i(r) = 2*r**3 + r**2 - 1. Let g be i(1). Let w(v) = 3*v**3 - v**2 - v - 1. Calculate the remainder when 4/(-42) + 109915/1995 + -8 is divided by w(g).
13
Let p(a) = -a**3 - 17*a**2 + 38*a + 40. Suppose -4*n + 0*n - 81 = d, -5*n + 2*d = 85. What is the remainder when p(n) is divided by 11?
7
Calculate the remainder when (42/(-56) + (-93)/(-36)*-17)*-6 is divided by 30.
28
What is the remainder when 1434 is divided by (-3626)/(-333) - 8/9?
4
Let d(a) = -3*a**3 - 11*a**2 - 70*a + 37. Calculate the remainder when d(-5) is divided by 135.
82
Let g(k) = 3*k**2 - 65*k + 72. Calculate the remainder when g(-13) is divided by 62.
60
Let m(b) = 7*b**2 - b + 6. Let v(x) = -20*x**2 + x - 18. Let c(t) = -11*m(t) - 4*v(t). What is the remainder when c(-7) is divided by 28?
20
Suppose 0 = -v - 16 - 11. Let b = v - -51. Suppose 0*h + 68 = h. What is the remainder when h is divided by b?
20
Let v = -15428 - -18598. What is the remainder when v is divided by 187?
178
Suppose 0 = 138*b - 1423 + 181. Let j = -14 + 48. Calculate the remainder when j is divided by b.
7
Suppose 0 = -38*o + 41*o - 63. Suppose o*t = 2881 - 844. What is the remainder when t is divided by 25?
22
Let r(u) = 3*u**2 - 25*u + 96. Let y be r(5). Suppose 0 = -4*d + 5*g + y, -57*g = -5*d - 52*g + 60. What is the remainder when 63 is divided by d?
7
Let w = 27834 + -21397. What is the remainder when w is divided by 47?
45
Let h = 342 - -108. Suppose 5*g = 15*g - h. Calculate the remainder when g is divided by 12.
9
Suppose 3*h - 91 = 2*t, -8 = 4*t - 36. Calculate the remainder when 76 is divided by h.
6
Let x be ((-4)/2)/(0 - 2) + 11. Let b be (8/x)/((-2)/(-69)). Let y = -16 + b. Calculate the remainder when 13 is divided by y.
6
Let b(f) = -2109*f - 14492. What is the remainder when 751 is divided by b(-7)?
209
Suppose -3*v + 21*c - 23*c = -112, -5*v + 145 = -5*c. Suppose 3 = 2*l + m, 5 = 2*l + 2*m - 3. Let u = l + 13. Calculate the remainder when v is divided by u.
10
Let d(w) = -w**2 - 18*w - 74. Let z be d(-12). What is the remainder when z/8 + (-10 - (-3342)/24) is divided by 66?
63
Calculate the remainder when 81 + (504/28 - 24) is divided by ((-42)/5)/(12/(-40)).
19
Let o = -6 + 32. What is the remainder when 262/(-655)*1*-170 is divided by o?
16
Suppose 52*k = 53*k - 173. Let g = 26 - -18. Calculate the remainder when k is divided by g.
41
Suppose 0*k + f + 21 = 4*k, -k + 3 = -f. Let b(n) = k*n**2 + 43 + 4*n**2 + 7*n**2 + n**3 + 2*n**2 + 2*n. Calculate the remainder when 27 is divided by b(-19).
2
Calculate the remainder when 285 is divided by (-46)/4*2204/(-551).
9
Let p(h) = 63*h**2 + 2*h - 4. Let m be p(2). Suppose 64*b - 58*b = m. What is the remainder when b is divided by (8/(-5))/((-10)/25)?
2
Suppose 2*p - 106 = -2*f, -2*f + 95*p + 40 = 91*p. What is the remainder when f is divided by (1 - 1) + 3*4?
6
Let x(h) = -366*h + 5284. What is the remainder when x(11) is divided by 26?
10
Suppose -185 + 37 = -4*d. Let t = -10051 - -10149. What is the remainder when t is divided by d?
24
Let a be (-24)/28*4/((-12)/(-21)). Let s be ((-2)/a)/(24/(-108))*30. Let h = 59 + s. What is the remainder when 81 is divided by h?
11
Let u = -7642 + 8721. What is the remainder when u is divided by 3?
2
Calculate the remainder when -4*((-151065)/(-36))/(-45) is divided by 372.
1
Let t = -3 + 5. Suppose t*k - 45 = 125. Let i = -443002 - -443031. Calculate the remainder when k is divided by i.
27
Let k = -55 - -54. Let v be 3 - (3 + 83)/k. What is the remainder when 50 is divided by (3/2)/(v/(-18) - -5)?
23
Let c(p) = -9*p**2 + 2*p + 4. Let h be c(-4). Let m = -94 - h. Let r = -1 - -29. Calculate the remainder when m is divided by r.
26
Let d(v) = v**2 + 12*v + 4. Let k be d(-12). Suppose k*q - 7*q = -108. Calculate the remainder when q is divided by ((1 - 11)*(-1 + -1))/1.
16
Let k(b) be the second derivative of -b**4/4 + 22*b**3/3 - 16*b**2 + 3*b - 10. What is the remainder when 164 is divided by k(13)?
32
Suppose 0 = 14*q + 62 - 104. Suppose -q*b + 138 = 3*z, 5*b - 4*b = 2*z - 104. What is the remainder when 247 is divided by z?
47
Calculate the remainder when 35 - 1 - (-24)/6 is divided by ((-2)/6)/((-1)/39).
12
Let q = 12208 - 11575. What is the remainder when q is divided by 6?
3
Let d = 25067 - 24972. What is the remainder when 10162 is divided by d?
92
Suppose 45*h - 8 = -i + 50*h, -3*i - h = -72. What is the remainder when 2092 is divided by i?
22
Let o = -2530 + 6967. What is the remainder when o is divided by 20?
17
Let y = 686 - 260. Let q = y + -389. Calculate the remainder when q is divided by 7.
2
Suppose 18 + 7 = z. Let l(j) = j**3 - 136*j**2 + 401*j - 106. Calculate the remainder when l(133) is divided by z.
10
Suppose q + 1965*j = 1967*j + 23, 17 = q - 5*j. Let y = 185 - 103. What is the remainder when y is divided by q?
1
Suppose -2*u + 1 = v + u, 0 = 2*v - u + 12. Suppose 8 = z + 3*z, -2*z = -2*b + 18. What is the remainder when b is divided by (1 - v)*27/18?
2
Suppose -j + 195 = -u + 10, j + 4*u = 165. Calculate the remainder when 371 is divided by j.
9
Suppose -22*m + 2*g = -26*m + 234, -4*g + 20 = 0. Let r(h) = -h**2 + 9*h + 2. Calculate the remainder when m is divided by r(6).
16
Let g(h) be the second derivative of -11*h**2 + 9*h**2 - h**3 + 7*h**2 + 28*h. Calculate the remainder when g(-12) is divided by 14.
12
Let d = 212 + -178. Calculate the remainder when 2/7 - (-642)/84*12 is divided by d.
24
Let s(x) = -35*x + 217. Let z be s(11). What is the remainder when z/(-1) - (-5 - (1 + -6)) is divided by 22?
14
Suppose 0 = u - 4*s + 141 - 294, -3*u - s = -524. Calculate the remainder when 10552 is divided by u.
172
Suppose -3*p + 2 = g - 11, -8 = -5*g + 4*p. Let j(y) = -3*y**2 - 7*y + 9 + 9 - 5 + 11*y**2. Calculate the remainder when j(g) is divided by 38.
37
Suppose -11402 = -83*t + 23707. What is the remainder when t is divided by 18?
9
Let v = -21034 + 24159. Calculate the remainder when v is divided by 46.
43
Suppose 376*m = 4*q + 371*m - 261, m = -q + 72. Calculate the remainder when 963 is divided by q.
66
Let j be (-16120)/34 - (-16)/136. Let z = -468 - j. Calculate the remainder when 104 is divided by z.
2
Let m(y) = -8*y + 466. Calculate the remainder when 1135 is divided by m(52).
35
Let i = 5 + 390. Let a = -373 + i. What is the remainder when a is divided by 15?
7
Suppose -7*a = 8*a - 60. Suppose a*g = 5*g + 3*r + 23, -4*r = -3*g - 4. Let s = g - -16. What is the remainder when 22 is divided by s?
6
Suppose -4*i + 34 = -2*p, -2*i + 3*i = 4*p + 47. Let l(g) = -23*g - 65. Calculate the remainder when l(p) is divided by 64.
60
Suppose -z + 4*o - 77 = -2431, 0 = -4*z + 5*o + 9416. What is the remainder when z is divided by 391?
8
Let h = 65 - 0. Let g = 38 - 33. Suppose 0*k - 66 = -3*n + g*k, -88 = -4*n - k. Calculate the remainder when h is divided by n.
21
Let v = -24 - -45. Let w = -217 + 92. Let m = 137 + w. What is the remainder when v is divided by m?
9
Let w(j) = -657*j + 729. What is the remainder when 438 is divided by w(1)?
6
Suppose w = -7*w + 40. Calculate the remainder when -29 - -25 - (-76)/4 is divided by w.
0
Suppose 0 = -i - 5*h + 316, -4*h + 1663 - 399 = 4*i. What is the remainder when i is divided by (-30)/(85/136 - (2 + -1))?
76
Let u = -157 + 775. Suppose 12*q = 486 + u. What is the remainder when q is divided by 17?
7
Suppose l - 9 = -0*d - 2*d, 3*d - 16 = l. Let s be (0 - l)*(-5 - -22). Let r = s + 34. What is the remainder when r is divided by 13?
12
Cal